{"id":1702,"date":"2025-08-27T11:58:23","date_gmt":"2025-08-27T11:58:23","guid":{"rendered":"http:\/\/cliniqueint.com\/?page_id=1702"},"modified":"2025-08-27T11:59:30","modified_gmt":"2025-08-27T11:59:30","slug":"service-dorthopedie","status":"publish","type":"page","link":"https:\/\/cliniqueint.com\/index.php\/service-dorthopedie\/","title":{"rendered":"Service d\u2019Orthop\u00e9die"},"content":{"rendered":"\t\t<div data-elementor-type=\"wp-page\" data-elementor-id=\"1702\" class=\"elementor elementor-1702\">\n\t\t\t\t\t\t<section class=\"elementor-section elementor-top-section elementor-element elementor-element-f83649b elementor-section-boxed elementor-section-height-default elementor-section-height-default\" data-id=\"f83649b\" data-element_type=\"section\">\n\t\t\t\t\t\t<div class=\"elementor-container elementor-column-gap-default\">\n\t\t\t\t\t<div class=\"elementor-column elementor-col-100 elementor-top-column elementor-element elementor-element-e815396\" data-id=\"e815396\" data-element_type=\"column\">\n\t\t\t<div class=\"elementor-widget-wrap elementor-element-populated\">\n\t\t\t\t\t\t<div class=\"elementor-element elementor-element-703ba05 elementor-widget elementor-widget-heading\" data-id=\"703ba05\" data-element_type=\"widget\" data-widget_type=\"heading.default\">\n\t\t\t\t<div class=\"elementor-widget-container\">\n\t\t\t\t\t<h2 class=\"elementor-heading-title elementor-size-default\">Service d\u2019Orthop\u00e9die<\/h2>\t\t\t\t<\/div>\n\t\t\t\t<\/div>\n\t\t\t\t\t<\/div>\n\t\t<\/div>\n\t\t\t\t\t<\/div>\n\t\t<\/section>\n\t\t\t\t<section class=\"elementor-section elementor-top-section elementor-element elementor-element-4840103 elementor-section-boxed elementor-section-height-default elementor-section-height-default\" data-id=\"4840103\" data-element_type=\"section\">\n\t\t\t\t\t\t<div class=\"elementor-container elementor-column-gap-default\">\n\t\t\t\t\t<div class=\"elementor-column elementor-col-50 elementor-top-column elementor-element elementor-element-fd92b73\" data-id=\"fd92b73\" data-element_type=\"column\">\n\t\t\t<div class=\"elementor-widget-wrap elementor-element-populated\">\n\t\t\t\t\t\t<div class=\"elementor-element elementor-element-98e3386 elementor-widget elementor-widget-image\" data-id=\"98e3386\" data-element_type=\"widget\" data-widget_type=\"image.default\">\n\t\t\t\t<div class=\"elementor-widget-container\">\n\t\t\t\t\t\t\t\t\t\t\t\t\t\t\t<img fetchpriority=\"high\" decoding=\"async\" width=\"540\" height=\"360\" src=\"https:\/\/cliniqueint.com\/wp-content\/uploads\/2025\/08\/photo_2025-08-27_14-58-59.jpg\" class=\"attachment-large size-large wp-image-1704\" alt=\"\" srcset=\"https:\/\/cliniqueint.com\/wp-content\/uploads\/2025\/08\/photo_2025-08-27_14-58-59.jpg 540w, https:\/\/cliniqueint.com\/wp-content\/uploads\/2025\/08\/photo_2025-08-27_14-58-59-300x200.jpg 300w\" sizes=\"(max-width: 540px) 100vw, 540px\" \/>\t\t\t\t\t\t\t\t\t\t\t\t\t\t\t<\/div>\n\t\t\t\t<\/div>\n\t\t\t\t\t<\/div>\n\t\t<\/div>\n\t\t\t\t<div class=\"elementor-column elementor-col-50 elementor-top-column elementor-element elementor-element-4591cfd\" data-id=\"4591cfd\" data-element_type=\"column\">\n\t\t\t<div class=\"elementor-widget-wrap elementor-element-populated\">\n\t\t\t\t\t\t<div class=\"elementor-element elementor-element-7cd1569 elementor-widget elementor-widget-text-editor\" data-id=\"7cd1569\" data-element_type=\"widget\" data-widget_type=\"text-editor.default\">\n\t\t\t\t<div class=\"elementor-widget-container\">\n\t\t\t\t\t\t\t\t\t<div>Les maladies et traumatismes du syst\u00e8me musculosquelettique exigent une expertise pointue pour restaurer mobilit\u00e9 et confort. Notre service d\u2019orthop\u00e9die prend en charge les affections des os, articulations, muscles et ligaments, qu\u2019il s\u2019agisse de fractures, de malformations, de pathologies d\u00e9g\u00e9n\u00e9ratives ou de troubles li\u00e9s au sport. Gr\u00e2ce \u00e0 un plateau technique moderne et \u00e0 des techniques chirurgicales avanc\u00e9es, nos chirurgiens et kin\u00e9sith\u00e9rapeutes travaillent main dans la main pour offrir une prise en charge compl\u00e8te : diagnostic pr\u00e9cis, traitement adapt\u00e9, r\u00e9\u00e9ducation et suivi post-op\u00e9ratoire. Notre objectif : redonner mouvement, autonomie et qualit\u00e9 de vie aux patients.<\/div>\t\t\t\t\t\t\t\t<\/div>\n\t\t\t\t<\/div>\n\t\t\t\t<div class=\"elementor-element elementor-element-29897bb elementor-widget elementor-widget-image\" data-id=\"29897bb\" data-element_type=\"widget\" data-widget_type=\"image.default\">\n\t\t\t\t<div class=\"elementor-widget-container\">\n\t\t\t\t\t\t\t\t\t\t\t\t\t\t\t<img decoding=\"async\" width=\"640\" height=\"384\" src=\"https:\/\/cliniqueint.com\/wp-content\/uploads\/2025\/08\/photo_2025-08-27_14-58-57-1024x615.jpg\" class=\"attachment-large size-large wp-image-1705\" alt=\"\" srcset=\"https:\/\/cliniqueint.com\/wp-content\/uploads\/2025\/08\/photo_2025-08-27_14-58-57-1024x615.jpg 1024w, https:\/\/cliniqueint.com\/wp-content\/uploads\/2025\/08\/photo_2025-08-27_14-58-57-300x180.jpg 300w, https:\/\/cliniqueint.com\/wp-content\/uploads\/2025\/08\/photo_2025-08-27_14-58-57-768x461.jpg 768w, https:\/\/cliniqueint.com\/wp-content\/uploads\/2025\/08\/photo_2025-08-27_14-58-57.jpg 1100w\" sizes=\"(max-width: 640px) 100vw, 640px\" \/>\t\t\t\t\t\t\t\t\t\t\t\t\t\t\t<\/div>\n\t\t\t\t<\/div>\n\t\t\t\t\t<\/div>\n\t\t<\/div>\n\t\t\t\t\t<\/div>\n\t\t<\/section>\n\t\t\t\t<\/div>\n\t\t","protected":false},"excerpt":{"rendered":"<p>Service d\u2019Orthop\u00e9die Les maladies et traumatismes du syst\u00e8me musculosquelettique exigent une expertise pointue pour restaurer mobilit\u00e9 et confort. Notre service d\u2019orthop\u00e9die prend en charge les affections des os, articulations, muscles et ligaments, qu\u2019il s\u2019agisse de fractures, de malformations, de pathologies d\u00e9g\u00e9n\u00e9ratives ou de troubles li\u00e9s au sport. Gr\u00e2ce \u00e0 un plateau technique moderne et \u00e0 [&hellip;]<\/p>\n","protected":false},"author":1,"featured_media":0,"parent":0,"menu_order":0,"comment_status":"closed","ping_status":"closed","template":"elementor_header_footer","meta":{"footnotes":""},"class_list":["post-1702","page","type-page","status-publish","hentry"],"_links":{"self":[{"href":"https:\/\/cliniqueint.com\/index.php\/wp-json\/wp\/v2\/pages\/1702","targetHints":{"allow":["GET"]}}],"collection":[{"href":"https:\/\/cliniqueint.com\/index.php\/wp-json\/wp\/v2\/pages"}],"about":[{"href":"https:\/\/cliniqueint.com\/index.php\/wp-json\/wp\/v2\/types\/page"}],"author":[{"embeddable":true,"href":"https:\/\/cliniqueint.com\/index.php\/wp-json\/wp\/v2\/users\/1"}],"replies":[{"embeddable":true,"href":"https:\/\/cliniqueint.com\/index.php\/wp-json\/wp\/v2\/comments?post=1702"}],"version-history":[{"count":4,"href":"https:\/\/cliniqueint.com\/index.php\/wp-json\/wp\/v2\/pages\/1702\/revisions"}],"predecessor-version":[{"id":1708,"href":"https:\/\/cliniqueint.com\/index.php\/wp-json\/wp\/v2\/pages\/1702\/revisions\/1708"}],"wp:attachment":[{"href":"https:\/\/cliniqueint.com\/index.php\/wp-json\/wp\/v2\/media?parent=1702"}],"curies":[{"name":"wp","href":"https:\/\/api.w.org\/{rel}","templated":true}]}}